q. Let t(i) = 4*i**b - 6*i**2 + i**2 + 5 - 3*i. What is t(-5)?
-5
Let v(t) = -20*t**2 + 36*t - 20. Let a(h) = 7*h**2 - 12*h + 7. Let o(f) = 17*a(f) + 6*v(f). Calculate o(12).
-1
Let j(m) = -m**3 + 2*m**2 + m - 1. Let s = -15 - 5. Let b be -2*(-161)/(-28)*-2. Let z = b + s. Give j(z).
-7
Suppose 705 = -6*q + 657. Let a(h) = h**3 + 8*h**2 - h - 5. Determine a(q).
3
Let j = -64 - -69. Let d(p) = -2*p**3 + 5*p**2 + 2*p - 8. Let y(z) = 3*z**3 - 7*z**2 - 3*z + 12. Let n(s) = 8*d(s) + 5*y(s). Calculate n(j).
1
Let r(p) be the first derivative of p**3 - p + 13. What is r(1)?
2
Let l(g) = g**3 - 5*g**2 + g - 5. Suppose 3 = o - 2*w, -4*o + 5*o - 5*w = 0. Suppose -5*c - 3*f = 14 - 42, o*c = -4*f + 29. Determine l(c).
0
Let p be (-16)/(-7 - -3) - 2. Let j(z) = -5*z - 2*z**p + z + 4*z + z. Give j(2).
-6
Let k(i) be the second derivative of i**5/20 + 5*i**4/6 - 3*i**2 - 5*i. Let j(b) = -2*b**2 - 2*b - 10. Let h be j(0). Determine k(h).
-6
Let p(i) = -3*i**2 - 161*i + 4*i**2 + 4 + 166*i. Let g be p(-5). Let t(b) = -3*b + 1. Calculate t(g).
-11
Let o(k) = -k**3 - 3*k**2 + 10*k - 6. Let x be -1*10*(-12 - 25/(-2)). Calculate o(x).
-6
Let m(p) = p**3 - 8*p**2 + p + 3. Let f(h) = 6*h**3 - 48*h**2 + 5*h + 15. Let u(i) = -2*f(i) + 13*m(i). Determine u(7).
-19
Suppose 0 = -f - 5*x - 9 - 16, 0 = f - 2*x - 3. Let j = 10 + f. Let l(w) = j + 8*w**3 + 2 + 2*w - 7*w**3 + 6*w**2. Give l(-6).
-5
Let t be (-371)/(-159)*6/7. Let z(f) be the first derivative of -4*f**2 + 3*f + 5. What is z(t)?
-13
Let b be 9*(-1)/(-2)*(-40)/(-60). Let c(r) = -r - r**3 + 6*r + 3*r**2 + 0*r**b - 7*r. Determine c(3).
-6
Let t(w) be the first derivative of w**3/3 + 3*w**2/2 - 2*w + 70. Give t(-4).
2
Let s(g) = 2*g - 9*g + 4*g - 1 + 5*g. Let y be (9 - 5) + 0 + -1. What is s(y)?
5
Let a(h) = 0*h + 0*h**2 + 3*h - 2*h**2 + 5*h**2. Suppose -10*i = -48 + 68. What is a(i)?
6
Let b(i) = -i**2 - 2*i - 1. Let v be b(-2). Let p(r) = -r**3 - 10*r**2 + 2. Let n be p(-10). Let c(l) = -l**2 + l**2 + 5*l**n + 3*l**2 + l. Determine c(v).
7
Let z(i) = -2270 + 2*i**2 - 2*i + 0*i + 2271. Determine z(2).
5
Let s(m) = 5*m - 4*m + 0*m + 7. Let c(b) = 4*b - 29. Let u be c(6). Give s(u).
2
Let b(k) = 3*k - 4*k - k - 20 + 5*k. What is b(8)?
4
Let q(z) = z + 11. Let b be (45/(-6))/5*14. What is q(b)?
-10
Let y(q) = -2 - 11 + 35*q**2 - 40*q**2 - 17*q. Let t(v) = -4*v**2 - 15*v - 12. Let m(n) = 4*t(n) - 3*y(n). Give m(-6).
9
Let d be -1*(0 - 1)/(-4 - -3). Let q(x) = -5*x**2 - 6*x - 1. Let k(s) = 5*s + 0*s + 1 + 4*s**2 + 0*s**2. Let o(a) = 6*k(a) + 5*q(a). Determine o(d).
0
Let b(x) be the second derivative of -14*x - x**2 + 0*x**3 + 1/20*x**5 + 1/6*x**4 + 0. Calculate b(-3).
-11
Let p(l) = 0 + 16*l - 9 - 31*l + 13*l. Give p(-9).
9
Let j(q) = 3 - 2*q + 91*q**3 - 92*q**3 + 5*q. What is j(-2)?
5
Let n(j) be the second derivative of j**5/20 + 13*j**4/12 - 13*j**3/6 - 8*j**2 - j - 62. Calculate n(-14).
-30
Let w(m) = m**3 - m + 3. Let k(c) = 4*c**3 - 2*c + 7. Let v(z) = 3*k(z) - 7*w(z). What is v(2)?
42
Let p(x) = -4*x**2 - 13*x - 18. Let l(g) = 7*g**2 + 25*g + 33. Let r(b) = 3*l(b) + 5*p(b). Calculate r(-7).
-12
Let c(x) = x**3 - 2*x**2 + 7*x + 2. Let p(h) = h**2 - 4*h - 1. Let q(o) = 4*c(o) + 7*p(o). Suppose w + w = 2. Calculate q(w).
4
Suppose -2*w + 11*w = 18. Let j(u) = -7*u**2 + 3*u**3 + w*u - 4*u**2 + 3*u**2 + 4*u**2. Suppose -4*v = 4*g + 8, -3*g + 0*v = 4*v + 10. Determine j(g).
12
Suppose -18*j - 72 = 6*j. Let p(f) = -f**2 - f + 3. Calculate p(j).
-3
Let h(p) = 13*p**3 - 13*p**2 - 11*p. Let r = -44 - -50. Let s(z) = -7*z**3 + 7*z**2 + 6*z. Let n(b) = r*h(b) + 11*s(b). Give n(-2).
-12
Let z(l) = l + 4. Let w(n) be the second derivative of 0 + 2*n + 1/3*n**3 + 0*n**2. Let h be w(-2). Give z(h).
0
Suppose 6*o - 2*i - 2 = 5*o, -5*o + 10 = -i. Let m(u) = -7*u. Calculate m(o).
-14
Suppose 42 = 8*u + 26. Let g(p) = p**2 - 12 - 10*p**2 + 2*p**u - 2*p - p**3 + 3. Give g(-7).
5
Let p(j) be the second derivative of -7*j**4/12 - j**3/6 + 67*j. Calculate p(-1).
-6
Let h(r) = -r**3 + 3*r**2 + 5*r - 1. Suppose -2*p + 48 = -48. Let n = p - 44. What is h(n)?
3
Let p(r) = -r**3 - 6*r**2 - 3*r - 12. Let o = 204 - 210. Give p(o).
6
Let n(s) = -s + 5. Let v(b) = -2*b + 4. Let z be v(-4). Suppose 4*q - z = -m, -m = -0*q + q. Suppose -3*p - t - t + 23 = 0, 5*p + q*t - 41 = 0. Give n(p).
0
Let l(h) = -2570*h**2 + 2571*h**2 - 2*h - 7*h - 2 + 4*h. Suppose -u + 12 = u. Give l(u).
4
Let c(f) = -7*f - 58. Let u be c(-9). Let m(b) = 6*b - 6781*b**2 - b**3 - 2 + 6779*b**2 + u - 1. Give m(-4).
10
Let n(o) = -3*o - 16. Suppose 5*t = -2*u - 2, -5*u - 12 = 2*t + 14. Calculate n(u).
2
Let x(j) = 3*j - 6. Let n = -14 + 8. Let y be 8/n*(-81)/18. What is x(y)?
12
Let c(b) = 16*b + 43*b - 51*b. Let f(d) = 2*d**2 - 3*d + 1. Let q be f(2). Suppose 2 = -q*h - 1. Determine c(h).
-8
Let y be (0 + 1)/(14 - 164/12). Let t(v) = -6*v + 5. What is t(y)?
-13
Let h = -863 - -873. Let p be (2 + -2*3)*-1. Suppose h*u + p = 14*u. Let j(m) = -m. What is j(u)?
-1
Let v(d) = -d**3 - 10*d**2 + 9*d + 11. Let m(z) = -8*z - 163. Let x be m(-19). What is v(x)?
33
Let q(h) = h. Let u(n) = n**2 - 2*n + 21. Let d be u(0). Suppose 19*c = d*c. Determine q(c).
0
Suppose 3*b + 5*s - 3 = 2*s, -4*b - s + 19 = 0. Let o(h) = -16 - 10 + 17 + 4*h**2 + h**3 - 4*h**2 + 5*h - 7*h**2. Calculate o(b).
-15
Suppose -171 = 53*n + 200. Let k(v) = 2*v + 5. Give k(n).
-9
Let w(k) be the third derivative of k**6/120 - k**5/10 + k**4/4 - k**3/6 + k**2. Suppose -n - 16*s + 5 = -21*s, 3*n - 15 = 4*s. Calculate w(n).
4
Suppose 6 = -0*h + 2*h. Let a be 3 + h + (-2 - 2). Let t(o) = -o**3 - o - 168*o**2 + 174*o**a - 5 + 13. Give t(6).
2
Let i(q) be the third derivative of q**4/24 - 5*q**3/6 + 82*q**2 + 2*q. Suppose -2*n = 4*z - 16, -2*n - 27 = -3*z - 8. What is i(z)?
0
Let f be 6/(-2) - 118*1/2. Let k = f - -56. Let g(z) = -z**2 - 5*z - 3. Give g(k).
-9
Let u(q) = -22*q**3 - 13*q**2 + 4*q. Let c(x) = -9*x**3 - 6*x**2 + 3*x. Let s(h) = 5*c(h) - 2*u(h). Calculate s(-5).
-10
Let v(d) = d**3 + d**2 + d + 16. Let l be v(0). Suppose 18*z = -12 + 84. Suppose 0 = -4*a - c - l, z*c + 11 = -5. Let r(w) = w**3 + 6*w**2 + 3*w - 4. Give r(a).
14
Let n(q) be the first derivative of -q**4/4 + 10*q**3/3 - 3*q**2/2 + 14*q - 77. What is n(10)?
-16
Let i = 0 - 0. Let g(x) = -2*x - 3. Let b(h) = h + 1. Let t(u) = 11*b(u) + 6*g(u). Give t(i).
-7
Let x(t) = -2*t - 3. Let z(h) = 6*h + 63. Let n be z(-10). Suppose 4*c - c + 9 = n*p, 5*c - 3*p = -15. Give x(c).
3
Suppose -2*a + 4*k = 4, 2*k = -3*a + a - 28. Let c(g) = -g**2 - 11*g + 1. What is c(a)?
11
Let f(m) = 3*m**2 + 8*m + 1. Let b(x) = 2*x + x - x - 3*x + 1 - x**2. Suppose 0 = 4*p + 3*v - 0 - 8, 0 = -4*v + 16. Let q(w) = p*f(w) - 2*b(w). What is q(-2)?
5
Let c(x) be the third derivative of x**6/120 - x**5/60 - x**4/24 - x**3/3 - 29*x**2. Let i be 0 - 0 - (-1 - 1). Calculate c(i).
0
Let m(r) = 8*r + 1. Let n = -48 + 51. Suppose -5*b - 6 = -l - 0*l, n*l + b = 2. What is m(l)?
9
Suppose -20*h - 88 = 2*h. Let k(m) be the second derivative of -m**5/20 - m**4/4 + m**3/2 + m**2 + m. Determine k(h).
6
Let w = -18 - -19. Let g(l) = -w - 3 + 2*l + 5 + 1. Determine g(-4).
-6
Let i(x) = x**2 - 7*x + 6. Let g(d) = -2*d**2 + 13*d - 11. Let r = -3 + 0. Let s(j) = r*g(j) - 5*i(j). Give s(3).
0
Let j(l) = -l**2 + 14*l + 6. Suppose -82 + 26 = -4*v. Let k be j(v). Let u(x) = -9 + 3 + x - 1. What is u(k)?
-1
Let s be (5 + 102/(-42))*7. Let t be 13*(-1)/(-3) + s/(-54). Let k(g) = g**3 - 6*g**2 + 2*g + 3. Calculate k(t).
-21
Let l(m) be the first derivative of m**3/3 - 9*m**2/2 + 9*m + 51. Suppose z = -z + 12. Give l(z).
-9
Let a = 173 + -189. Let n(f) = f**3 + 15*f**2 - 17*f - 22. What is n(a)?
-6
Let n(t) = t**3 + 14*t**2 + 14*t + 15. Let m be n(-13). Let f be (-8)/(-36) - (-61)/9. Let i = f - m. Let r(g) = g**3 - 4*g**2 - 6*g + 1. Give r(i).
-4
Let k(f) = -4*f**2 + 0*f**2 - 2*f + 2*f**2. Determine k(2).
-12
Let v be (1 - 2)/(2/(-10)). Suppose -v + 0 = g. Let x(j) = 4*j**2 - 2*j - 12 - 3*j + j**3 + 6. Give x(g).
-6
Suppose b - a + 66 = 3*a, 2*b + 5*a = -145. Let w be (b/(-15))/7*-9. Let l(h) be the third derivative of h**5/60 + h**4/4 + 4*h**3/3 - 2*h**2. Give l(w).
8
Let p be -3 + (-2 - 30)/8. Let i(q) = -q**2 - 3*q + 9. What is i(p)?
-19
Let x(d) = d**3 + 11*d**2 + 18*d + 3. Let m be x(-9). Let b